{"id":203,"date":"2019-05-26T09:37:01","date_gmt":"2019-05-26T07:37:01","guid":{"rendered":"http:\/\/schletz.org\/mona\/?page_id=203"},"modified":"2025-03-18T13:36:01","modified_gmt":"2025-03-18T12:36:01","slug":"impressum","status":"publish","type":"page","link":"http:\/\/www.auer-abdel-kader.com\/?page_id=203","title":{"rendered":"Impressum"},"content":{"rendered":"\n<p><em>Informationspflicht laut \u00a75 E-Commerce Gesetz, \u00a714 Unternehmensgesetzbuch, \u00a763 Gewerbeordnung und Offenlegungspflicht laut \u00a725 Mediengesetz.<\/em><\/p>\n\n\n\n<figure class=\"wp-block-image size-full is-resized\"><img loading=\"lazy\" decoding=\"async\" width=\"537\" height=\"286\" src=\"http:\/\/www.auer-abdel-kader.com\/wp-content\/uploads\/2024\/04\/image.jpeg\" alt=\"\" class=\"wp-image-369\" style=\"width:227px;height:auto\" srcset=\"http:\/\/www.auer-abdel-kader.com\/wp-content\/uploads\/2024\/04\/image.jpeg 537w, http:\/\/www.auer-abdel-kader.com\/wp-content\/uploads\/2024\/04\/image-300x160.jpeg 300w\" sizes=\"auto, (max-width: 537px) 100vw, 537px\" \/><\/figure>\n\n\n\n<p>ATU 81386457<\/p>\n\n\n\n<p><strong>Zusammenfassung:<\/strong><br>Die grundlegende Intention meiner Homepage besteht in der Information von Kunstinteressierten. Alle Inhalte wurden nach bestem Wissen und Gewissen erstellt. Sollte dennoch ein Fehler passiert sein, bedauere ich dies, kann f\u00fcr diesen Fall aber keine Haftung \u00fcbernehmen. Ich \u00fcbernehme ebenfalls keine Verantwortung f\u00fcr externe Inhalte, auf die ich mittels Hyperlink verweisen.<\/p>\n\n\n\n<p>Die Inhalte dieser Seiten sind urheberrechtlich gesch\u00fctzt und die Informationen sind nur f\u00fcr die pers\u00f6nliche Verwendung bestimmt. Jede weitergehende Nutzung, insbesondere die Speicherung in Datenbanken, Ver\u00f6ffentlichung, Vervielf\u00e4ltigung und jede Form von gewerblicher Nutzung, sowie die Weitergabe an Dritte \u2013 auch in Teilen oder in \u00fcberarbeiteter Form \u2013 ohne Zustimmung ist untersagt.<\/p>\n\n\n\n<p><strong>Details:<\/strong><br>Informationspflicht laut \u00a75 E-Commerce Gesetz, \u00a714 Unternehmensgesetzbuch, \u00a763 Gewerbeordnung und Offenlegungspflicht laut \u00a725 Mediengesetz.<\/p>\n\n\n\n<p>Quelle: Erstellt mit dem Impressum Generator von firmenwebseiten.at in Kooperation mit huno.at<\/p>\n\n\n\n<p><strong>EU-Streitschlichtung<\/strong><br>Gem\u00e4\u00df Verordnung \u00fcber Online-Streitbeilegung in Verbraucherangelegenheiten (ODR-Verordnung) m\u00f6chten wir Sie \u00fcber die Online-Streitbeilegungsplattform (OS-Plattform) informieren.<br>Verbraucher haben die M\u00f6glichkeit, Beschwerden an die Online Streitbeilegungsplattform der Europ\u00e4ischen Kommission unter http:\/\/ec.europa.eu\/odr?tid=221092720 zu richten. Die daf\u00fcr notwendigen Kontaktdaten finden Sie oberhalb in unserem Impressum.<br>Wir m\u00f6chten Sie jedoch darauf hinweisen, dass wir nicht bereit oder verpflichtet sind, an Streitbeilegungsverfahren vor einer Verbraucherschlichtungsstelle teilzunehmen.<\/p>\n\n\n\n<p><strong>Haftung f\u00fcr Inhalte dieser Webseite<\/strong><br>Wir entwickeln die Inhalte dieser Webseite st\u00e4ndig weiter und bem\u00fchen uns korrekte und aktuelle Informationen bereitzustellen. Leider k\u00f6nnen wir keine Haftung f\u00fcr die Korrektheit aller Inhalte auf dieser Webseite \u00fcbernehmen, speziell f\u00fcr jene die seitens Dritter bereitgestellt wurden.<br> Sollten Ihnen problematische oder rechtswidrige Inhalte auffallen, bitten wir Sie uns umgehend zu kontaktieren, Sie finden die Kontaktdaten im Impressum.<\/p>\n\n\n\n<p><strong>Haftung f\u00fcr Links auf dieser Webseite<\/strong><br>Unsere Webseite enth\u00e4lt Links zu anderen Webseiten f\u00fcr deren Inhalt wir nicht verantwortlich sind. Haftung f\u00fcr verlinkte Websites besteht laut \u00a7 17 ECG f\u00fcr uns nicht, da wir keine Kenntnis rechtswidriger T\u00e4tigkeiten hatten und haben, uns solche Rechtswidrigkeiten auch bisher nicht aufgefallen sind und wir Links sofort entfernen w\u00fcrden, wenn uns Rechtswidrigkeiten bekannt werden.<br> Wenn Ihnen rechtswidrige Links auf unserer Website auffallen, bitten wir Sie uns zu kontaktieren, Sie finden die Kontaktdaten im Impressum.<\/p>\n\n\n\n<p><strong>Urheberrechtshinweis<\/strong><br>Alle Inhalte dieser Webseite (Bilder, Fotos, Texte, Videos) unterliegen dem Urheberrecht. Falls notwendig, werden wir die unerlaubte Nutzung von Teilen der Inhalte unserer Seite rechtlich verfolgen.<\/p>\n\n\n\n<p><strong>Bildernachweis<\/strong><br>Die Bilder, Fotos und Grafiken auf dieser Webseite sind urheberrechtlich gesch\u00fctzt. Die Bilderrechte liegen bei Mona Auer-Abdel-Kader<\/p>\n","protected":false},"excerpt":{"rendered":"<p>Informationspflicht laut \u00a75 E-Commerce Gesetz, \u00a714 Unternehmensgesetzbuch, \u00a763 Gewerbeordnung und Offenlegungspflicht laut \u00a725 Mediengesetz. ATU 81386457 Zusammenfassung:Die grundlegende Intention meiner Homepage besteht in der Information von Kunstinteressierten. Alle Inhalte wurden nach bestem Wissen und Gewissen erstellt. Sollte dennoch ein Fehler passiert sein, bedauere ich dies, kann f\u00fcr diesen Fall aber keine Haftung \u00fcbernehmen. Ich \u00fcbernehme [&hellip;]<\/p>\n","protected":false},"author":1,"featured_media":0,"parent":0,"menu_order":0,"comment_status":"closed","ping_status":"closed","template":"","meta":{"footnotes":""},"class_list":["post-203","page","type-page","status-publish","hentry"],"_links":{"self":[{"href":"http:\/\/www.auer-abdel-kader.com\/index.php?rest_route=\/wp\/v2\/pages\/203","targetHints":{"allow":["GET"]}}],"collection":[{"href":"http:\/\/www.auer-abdel-kader.com\/index.php?rest_route=\/wp\/v2\/pages"}],"about":[{"href":"http:\/\/www.auer-abdel-kader.com\/index.php?rest_route=\/wp\/v2\/types\/page"}],"author":[{"embeddable":true,"href":"http:\/\/www.auer-abdel-kader.com\/index.php?rest_route=\/wp\/v2\/users\/1"}],"replies":[{"embeddable":true,"href":"http:\/\/www.auer-abdel-kader.com\/index.php?rest_route=%2Fwp%2Fv2%2Fcomments&post=203"}],"version-history":[{"count":7,"href":"http:\/\/www.auer-abdel-kader.com\/index.php?rest_route=\/wp\/v2\/pages\/203\/revisions"}],"predecessor-version":[{"id":417,"href":"http:\/\/www.auer-abdel-kader.com\/index.php?rest_route=\/wp\/v2\/pages\/203\/revisions\/417"}],"wp:attachment":[{"href":"http:\/\/www.auer-abdel-kader.com\/index.php?rest_route=%2Fwp%2Fv2%2Fmedia&parent=203"}],"curies":[{"name":"wp","href":"https:\/\/api.w.org\/{rel}","templated":true}]}}

<p><em>Informationspflicht laut §5 E-Commerce Gesetz, §14 Unternehmensgesetzbuch, §63 Gewerbeordnung und Offenlegungspflicht laut §25 Mediengesetz.</em></p>



<figure class="wp-block-image size-full is-resized"><img loading="lazy" decoding="async" width="537" height="286" src="http://www.auer-abdel-kader.com/wp-content/uploads/2024/04/image.jpeg" alt="" class="wp-image-369" style="width:227px;height:auto" srcset="http://www.auer-abdel-kader.com/wp-content/uploads/2024/04/image.jpeg 537w, http://www.auer-abdel-kader.com/wp-content/uploads/2024/04/image-300x160.jpeg 300w" sizes="auto, (max-width: 537px) 100vw, 537px" /></figure>



<p>ATU 81386457</p>



<p><strong>Zusammenfassung:</strong><br>Die grundlegende Intention meiner Homepage besteht in der Information von Kunstinteressierten. Alle Inhalte wurden nach bestem Wissen und Gewissen erstellt. Sollte dennoch ein Fehler passiert sein, bedauere ich dies, kann für diesen Fall aber keine Haftung übernehmen. Ich übernehme ebenfalls keine Verantwortung für externe Inhalte, auf die ich mittels Hyperlink verweisen.</p>



<p>Die Inhalte dieser Seiten sind urheberrechtlich geschützt und die Informationen sind nur für die persönliche Verwendung bestimmt. Jede weitergehende Nutzung, insbesondere die Speicherung in Datenbanken, Veröffentlichung, Vervielfältigung und jede Form von gewerblicher Nutzung, sowie die Weitergabe an Dritte – auch in Teilen oder in überarbeiteter Form – ohne Zustimmung ist untersagt.</p>



<p><strong>Details:</strong><br>Informationspflicht laut §5 E-Commerce Gesetz, §14 Unternehmensgesetzbuch, §63 Gewerbeordnung und Offenlegungspflicht laut §25 Mediengesetz.</p>



<p>Quelle: Erstellt mit dem Impressum Generator von firmenwebseiten.at in Kooperation mit huno.at</p>



<p><strong>EU-Streitschlichtung</strong><br>Gemäß Verordnung über Online-Streitbeilegung in Verbraucherangelegenheiten (ODR-Verordnung) möchten wir Sie über die Online-Streitbeilegungsplattform (OS-Plattform) informieren.<br>Verbraucher haben die Möglichkeit, Beschwerden an die Online Streitbeilegungsplattform der Europäischen Kommission unter http://ec.europa.eu/odr?tid=221092720 zu richten. Die dafür notwendigen Kontaktdaten finden Sie oberhalb in unserem Impressum.<br>Wir möchten Sie jedoch darauf hinweisen, dass wir nicht bereit oder verpflichtet sind, an Streitbeilegungsverfahren vor einer Verbraucherschlichtungsstelle teilzunehmen.</p>



<p><strong>Haftung für Inhalte dieser Webseite</strong><br>Wir entwickeln die Inhalte dieser Webseite ständig weiter und bemühen uns korrekte und aktuelle Informationen bereitzustellen. Leider können wir keine Haftung für die Korrektheit aller Inhalte auf dieser Webseite übernehmen, speziell für jene die seitens Dritter bereitgestellt wurden.<br> Sollten Ihnen problematische oder rechtswidrige Inhalte auffallen, bitten wir Sie uns umgehend zu kontaktieren, Sie finden die Kontaktdaten im Impressum.</p>



<p><strong>Haftung für Links auf dieser Webseite</strong><br>Unsere Webseite enthält Links zu anderen Webseiten für deren Inhalt wir nicht verantwortlich sind. Haftung für verlinkte Websites besteht laut § 17 ECG für uns nicht, da wir keine Kenntnis rechtswidriger Tätigkeiten hatten und haben, uns solche Rechtswidrigkeiten auch bisher nicht aufgefallen sind und wir Links sofort entfernen würden, wenn uns Rechtswidrigkeiten bekannt werden.<br> Wenn Ihnen rechtswidrige Links auf unserer Website auffallen, bitten wir Sie uns zu kontaktieren, Sie finden die Kontaktdaten im Impressum.</p>



<p><strong>Urheberrechtshinweis</strong><br>Alle Inhalte dieser Webseite (Bilder, Fotos, Texte, Videos) unterliegen dem Urheberrecht. Falls notwendig, werden wir die unerlaubte Nutzung von Teilen der Inhalte unserer Seite rechtlich verfolgen.</p>



<p><strong>Bildernachweis</strong><br>Die Bilder, Fotos und Grafiken auf dieser Webseite sind urheberrechtlich geschützt. Die Bilderrechte liegen bei Mona Auer-Abdel-Kader</p>

<p>Informationspflicht laut §5 E-Commerce Gesetz, §14 Unternehmensgesetzbuch, §63 Gewerbeordnung und Offenlegungspflicht laut §25 Mediengesetz. ATU 81386457 Zusammenfassung:Die grundlegende Intention meiner Homepage besteht in der Information von Kunstinteressierten. Alle Inhalte wurden nach bestem Wissen und Gewissen erstellt. Sollte dennoch ein Fehler passiert sein, bedauere ich dies, kann für diesen Fall aber keine Haftung übernehmen. Ich übernehme [&hellip;]</p>
