{"id":214,"date":"2019-05-26T10:21:45","date_gmt":"2019-05-26T08:21:45","guid":{"rendered":"http:\/\/schletz.org\/mona\/?page_id=214"},"modified":"2025-03-26T13:13:59","modified_gmt":"2025-03-26T12:13:59","slug":"links","status":"publish","type":"page","link":"http:\/\/www.auer-abdel-kader.com\/?page_id=214","title":{"rendered":"Links"},"content":{"rendered":"\n<p class=\"has-text-color has-link-color has-medium-font-size wp-elements-5c8089b1f4f71786f9ccab4c50abfd33\" style=\"color:#0b4583\"><span style=\"text-decoration: underline;\">CANNA NATURALS <\/span><\/p>\n\n\n\n<p class=\"has-text-color has-link-color has-small-font-size wp-elements-5f66ce59c335cb00fe7145c2c5546fed\" style=\"color:#0b4583\">created by nature &#8211; refined by human<\/p>\n\n\n\n<p class=\"has-text-color has-link-color has-medium-font-size wp-elements-97b6d15eba3110b7228a8484c920165e\" style=\"color:#0b4583\"><a href=\"https:\/\/www.cannanaturals.eu\">https:\/\/www.cannanaturals.eu<\/a><\/p>\n\n\n\n<p class=\"has-text-color has-link-color wp-elements-525bd426f53a51292dd87db38264ddd6\" style=\"color:#0b4583\">LINKEDIN <span style=\"text-decoration: underline;\">Alexander Abdel-Kader <\/span><br><a href=\"https:\/\/www.linkedin.com\/in\/alexander-abdel-kader-994855b2\/?originalSubdomain=es\" data-type=\"link\" data-id=\"https:\/\/www.linkedin.com\/in\/alexander-abdel-kader-994855b2\/?originalSubdomain=es\">https:\/\/www.linkedin.com\/in\/alexander-abdel-kader-994855b2\/?originalSubdomain=es<\/a><\/p>\n\n\n\n<p class=\"has-text-color has-link-color has-medium-font-size wp-elements-17721ff59389f25735e98cf9a3573350\" style=\"color:#0b4583\"><span style=\"text-decoration: underline;\">High Road<\/span><\/p>\n\n\n\n<p class=\"has-vivid-cyan-blue-color has-text-color has-link-color has-small-font-size wp-elements-a02b015bc023cd050078b60ad72ed46b\">Welcome to High Road, where nature meets innovation in the pursuit of better health and well-being.<br>Together, we can nurture wellness, transform lives, and sow the seeds of a brighter, more sustainable future.<br>Discover the power of nature with High Road Farms.<\/p>\n\n\n\n<p class=\"has-text-color has-link-color has-medium-font-size wp-elements-43fe4ad1e78784b473a7fc7b140e902c\" style=\"color:#0b4583\"><a href=\"https:\/\/high-road.eu\">https:\/\/high-road.eu<\/a><\/p>\n\n\n\n<p>____________________________________________________________________________________________<\/p>\n\n\n\n<p class=\"has-text-color has-link-color has-medium-font-size wp-elements-1704d6a8006c6beec585daada56355ab\" style=\"color:#0b4583\">Buchschmiede <span style=\"text-decoration: underline;\">Magda Weinrother<\/span><\/p>\n\n\n\n<p class=\"has-vivid-cyan-blue-color has-text-color has-link-color has-small-font-size wp-elements-30240c5b21275e0ac482820d21f47266\">Beschreibung:<br>Anna, eine promovierte Biologin, k\u00fcmmert sich in der Umweltpr\u00fcfung eines Energiekonzerns leidenschaftlich um die Einhaltung der Umweltstandards. Als ein geplanter Windpark, die letzten lokalen Brutpl\u00e4tze des Wiedehopfs zu vernichten droht, unterst\u00fctzt Anna die Seite der Tiersch\u00fctzer und versucht die Gesch\u00e4ftsleitung umzustimmen. Unverbl\u00fcmt versucht man sie mundtot zu machen. Mehr noch: Im Konzern scheint es Kr\u00e4fte zu geben, die sie nicht besiegen kann\u2026 Ein erbarmungsloser Kampf beginnt\u2026<\/p>\n\n\n\n<p class=\"has-text-color has-link-color has-medium-font-size wp-elements-21382954663613e4e47e1b666657ef62\" style=\"color:#0b4583\"><a href=\"https:\/\/www.buchschmiede.at\/app\/book\/22495-Magda-Weinrother-Der-Ruf-des-\">https:\/\/www.buchschmiede.at\/app\/book\/22495-Magda-Weinrother-Der-Ruf-des-<\/a><\/p>\n\n\n\n<p>____________________________________________________________________________________________<\/p>\n\n\n\n<p class=\"has-text-color has-link-color has-medium-font-size wp-elements-79d11fd17614b5adec308271b39f4f7f\" style=\"color:#0b4583\"><span style=\"text-decoration: underline;\">Eva Winter K\u00dcNSTLERTREFF<\/span><\/p>\n\n\n\n<p class=\"has-text-color has-link-color has-medium-font-size wp-elements-8a964ca861d187cc1c86a30bf8dbfeb0\" style=\"color:#0b4583\">Das Thema &#8211; &#8220;Kunst&#8221; &#8211; ist ein eigenes Universum<br><a href=\"https:\/\/eva-winter-kunstlertreff.webnode.at\/\">https:\/\/eva-winter-kunstlertreff.webnode.at\/<\/a><\/p>\n\n\n\n<p class=\"has-text-color has-link-color has-medium-font-size wp-elements-d263f9b33968df82a451a1acff82d9d5\" style=\"color:#0b4583\"><span style=\"text-decoration: underline;\">Berthild Zierl<\/span><\/p>\n\n\n\n<p class=\"has-text-color has-link-color has-small-font-size wp-elements-cc2d4a5c48297eea1348c92e8583e918\" style=\"color:#0b4583\">Die bildende K\u00fcnstlerin und Pr\u00e4sidentin der \u201eBerufsvereinigung der bildenden K\u00fcnstler \u00d6sterreichs\u201c Landesverband Wien, Nieder\u00f6sterreich und Burgenland sowie Vizepr\u00e4sidentin im Zentralverband setzt sich neben ihrer k\u00fcnstlerischen Arbeit unerm\u00fcdlich f\u00fcr die St\u00e4rkung der sozialen Rechte und Verbesserung der Arbeitsbedingungen f\u00fcr K\u00fcnstler:innen ein. Mit ebensolch starkem Engagement etablierte sie das Archiv der Berufsvereinigung der bildenden K\u00fcnstler \u00d6sterreichs.<\/p>\n\n\n\n<p class=\"has-text-color has-link-color has-medium-font-size wp-elements-a498ae850c6493703c8f27177e9d2a2d\" style=\"color:#0b4583\"><a href=\"https:\/\/zierlart.at\/\">https:\/\/zierlart.at\/<\/a><\/p>\n\n\n\n<p>________________________________________________________________________________________________________________<\/p>\n\n\n\n<p class=\"has-text-color has-link-color has-large-font-size wp-elements-090bd9535bfe2e1143c341ffc5eb9641\" style=\"color:#684689\"><strong><span style=\"text-decoration: underline;\">\u00dcBERSETZUNGEN<\/span><\/strong><\/p>\n\n\n\n<p><a href=\"https:\/\/www.caliterpenes.com\/de\/\">Cali Terpenes: Cannabis Terpenprofile<\/a><\/p>\n\n\n\n<p><a href=\"https:\/\/www.lahuertagrowshop.com\/de\/\">LA HUERTA &#8211; G\u00dcNSTIGER ONLINE GROWSHOP<\/a><\/p>\n\n\n\n<p><a href=\"https:\/\/www.evaseeds.com\/de\/\">Eva Seeds, marihuana samenbank &#8211; Eva Seeds<\/a><\/p>\n\n\n\n<p class=\"has-text-color has-link-color has-medium-font-size wp-elements-515683e57d861546cb61c89782c1e81c\" style=\"color:#0b4583\"><a href=\"https:\/\/www.sixstaragency.com\/en\/\">SixStar Agency \u2013 Marketing especializado en cannabis<\/a><\/p>\n\n\n\n<p class=\"has-text-color has-link-color has-small-font-size wp-elements-690d83ddabd11a4de9a9ae1b99c805b0\" style=\"color:#0b4583\">Our mission is to\u00a0<em>help cannabis companies to gain online presence<\/em><\/p>\n\n\n\n<p><\/p>\n","protected":false},"excerpt":{"rendered":"<p>CANNA NATURALS created by nature &#8211; refined by human https:\/\/www.cannanaturals.eu LINKEDIN Alexander Abdel-Kader https:\/\/www.linkedin.com\/in\/alexander-abdel-kader-994855b2\/?originalSubdomain=es High Road Welcome to High Road, where nature meets innovation in the pursuit of better health and well-being.Together, we can nurture wellness, transform lives, and sow the seeds of a brighter, more sustainable future.Discover the power of nature with High Road [&hellip;]<\/p>\n","protected":false},"author":1,"featured_media":0,"parent":0,"menu_order":0,"comment_status":"closed","ping_status":"closed","template":"","meta":{"footnotes":""},"class_list":["post-214","page","type-page","status-publish","hentry"],"_links":{"self":[{"href":"http:\/\/www.auer-abdel-kader.com\/index.php?rest_route=\/wp\/v2\/pages\/214","targetHints":{"allow":["GET"]}}],"collection":[{"href":"http:\/\/www.auer-abdel-kader.com\/index.php?rest_route=\/wp\/v2\/pages"}],"about":[{"href":"http:\/\/www.auer-abdel-kader.com\/index.php?rest_route=\/wp\/v2\/types\/page"}],"author":[{"embeddable":true,"href":"http:\/\/www.auer-abdel-kader.com\/index.php?rest_route=\/wp\/v2\/users\/1"}],"replies":[{"embeddable":true,"href":"http:\/\/www.auer-abdel-kader.com\/index.php?rest_route=%2Fwp%2Fv2%2Fcomments&post=214"}],"version-history":[{"count":19,"href":"http:\/\/www.auer-abdel-kader.com\/index.php?rest_route=\/wp\/v2\/pages\/214\/revisions"}],"predecessor-version":[{"id":555,"href":"http:\/\/www.auer-abdel-kader.com\/index.php?rest_route=\/wp\/v2\/pages\/214\/revisions\/555"}],"wp:attachment":[{"href":"http:\/\/www.auer-abdel-kader.com\/index.php?rest_route=%2Fwp%2Fv2%2Fmedia&parent=214"}],"curies":[{"name":"wp","href":"https:\/\/api.w.org\/{rel}","templated":true}]}}

<p class="has-text-color has-link-color has-medium-font-size wp-elements-5c8089b1f4f71786f9ccab4c50abfd33" style="color:#0b4583"><span style="text-decoration: underline;">CANNA NATURALS </span></p>



<p class="has-text-color has-link-color has-small-font-size wp-elements-5f66ce59c335cb00fe7145c2c5546fed" style="color:#0b4583">created by nature &#8211; refined by human</p>



<p class="has-text-color has-link-color has-medium-font-size wp-elements-97b6d15eba3110b7228a8484c920165e" style="color:#0b4583"><a href="https://www.cannanaturals.eu">https://www.cannanaturals.eu</a></p>



<p class="has-text-color has-link-color wp-elements-525bd426f53a51292dd87db38264ddd6" style="color:#0b4583">LINKEDIN <span style="text-decoration: underline;">Alexander Abdel-Kader </span><br><a href="https://www.linkedin.com/in/alexander-abdel-kader-994855b2/?originalSubdomain=es" data-type="link" data-id="https://www.linkedin.com/in/alexander-abdel-kader-994855b2/?originalSubdomain=es">https://www.linkedin.com/in/alexander-abdel-kader-994855b2/?originalSubdomain=es</a></p>



<p class="has-text-color has-link-color has-medium-font-size wp-elements-17721ff59389f25735e98cf9a3573350" style="color:#0b4583"><span style="text-decoration: underline;">High Road</span></p>



<p class="has-vivid-cyan-blue-color has-text-color has-link-color has-small-font-size wp-elements-a02b015bc023cd050078b60ad72ed46b">Welcome to High Road, where nature meets innovation in the pursuit of better health and well-being.<br>Together, we can nurture wellness, transform lives, and sow the seeds of a brighter, more sustainable future.<br>Discover the power of nature with High Road Farms.</p>



<p class="has-text-color has-link-color has-medium-font-size wp-elements-43fe4ad1e78784b473a7fc7b140e902c" style="color:#0b4583"><a href="https://high-road.eu">https://high-road.eu</a></p>



<p>____________________________________________________________________________________________</p>



<p class="has-text-color has-link-color has-medium-font-size wp-elements-1704d6a8006c6beec585daada56355ab" style="color:#0b4583">Buchschmiede <span style="text-decoration: underline;">Magda Weinrother</span></p>



<p class="has-vivid-cyan-blue-color has-text-color has-link-color has-small-font-size wp-elements-30240c5b21275e0ac482820d21f47266">Beschreibung:<br>Anna, eine promovierte Biologin, kümmert sich in der Umweltprüfung eines Energiekonzerns leidenschaftlich um die Einhaltung der Umweltstandards. Als ein geplanter Windpark, die letzten lokalen Brutplätze des Wiedehopfs zu vernichten droht, unterstützt Anna die Seite der Tierschützer und versucht die Geschäftsleitung umzustimmen. Unverblümt versucht man sie mundtot zu machen. Mehr noch: Im Konzern scheint es Kräfte zu geben, die sie nicht besiegen kann… Ein erbarmungsloser Kampf beginnt…</p>



<p class="has-text-color has-link-color has-medium-font-size wp-elements-21382954663613e4e47e1b666657ef62" style="color:#0b4583"><a href="https://www.buchschmiede.at/app/book/22495-Magda-Weinrother-Der-Ruf-des-">https://www.buchschmiede.at/app/book/22495-Magda-Weinrother-Der-Ruf-des-</a></p>



<p>____________________________________________________________________________________________</p>



<p class="has-text-color has-link-color has-medium-font-size wp-elements-79d11fd17614b5adec308271b39f4f7f" style="color:#0b4583"><span style="text-decoration: underline;">Eva Winter KÜNSTLERTREFF</span></p>



<p class="has-text-color has-link-color has-medium-font-size wp-elements-8a964ca861d187cc1c86a30bf8dbfeb0" style="color:#0b4583">Das Thema &#8211; &#8220;Kunst&#8221; &#8211; ist ein eigenes Universum<br><a href="https://eva-winter-kunstlertreff.webnode.at/">https://eva-winter-kunstlertreff.webnode.at/</a></p>



<p class="has-text-color has-link-color has-medium-font-size wp-elements-d263f9b33968df82a451a1acff82d9d5" style="color:#0b4583"><span style="text-decoration: underline;">Berthild Zierl</span></p>



<p class="has-text-color has-link-color has-small-font-size wp-elements-cc2d4a5c48297eea1348c92e8583e918" style="color:#0b4583">Die bildende Künstlerin und Präsidentin der „Berufsvereinigung der bildenden Künstler Österreichs“ Landesverband Wien, Niederösterreich und Burgenland sowie Vizepräsidentin im Zentralverband setzt sich neben ihrer künstlerischen Arbeit unermüdlich für die Stärkung der sozialen Rechte und Verbesserung der Arbeitsbedingungen für Künstler:innen ein. Mit ebensolch starkem Engagement etablierte sie das Archiv der Berufsvereinigung der bildenden Künstler Österreichs.</p>



<p class="has-text-color has-link-color has-medium-font-size wp-elements-a498ae850c6493703c8f27177e9d2a2d" style="color:#0b4583"><a href="https://zierlart.at/">https://zierlart.at/</a></p>



<p>________________________________________________________________________________________________________________</p>



<p class="has-text-color has-link-color has-large-font-size wp-elements-090bd9535bfe2e1143c341ffc5eb9641" style="color:#684689"><strong><span style="text-decoration: underline;">ÜBERSETZUNGEN</span></strong></p>



<p><a href="https://www.caliterpenes.com/de/">Cali Terpenes: Cannabis Terpenprofile</a></p>



<p><a href="https://www.lahuertagrowshop.com/de/">LA HUERTA &#8211; GÜNSTIGER ONLINE GROWSHOP</a></p>



<p><a href="https://www.evaseeds.com/de/">Eva Seeds, marihuana samenbank &#8211; Eva Seeds</a></p>



<p class="has-text-color has-link-color has-medium-font-size wp-elements-515683e57d861546cb61c89782c1e81c" style="color:#0b4583"><a href="https://www.sixstaragency.com/en/">SixStar Agency – Marketing especializado en cannabis</a></p>



<p class="has-text-color has-link-color has-small-font-size wp-elements-690d83ddabd11a4de9a9ae1b99c805b0" style="color:#0b4583">Our mission is to <em>help cannabis companies to gain online presence</em></p>



<p></p>
