{"id":224,"date":"2019-05-26T10:26:41","date_gmt":"2019-05-26T08:26:41","guid":{"rendered":"http:\/\/schletz.org\/mona\/?page_id=224"},"modified":"2025-04-09T16:33:28","modified_gmt":"2025-04-09T14:33:28","slug":"dsgvo","status":"publish","type":"page","link":"http:\/\/www.auer-abdel-kader.com\/?page_id=224","title":{"rendered":"DSGVO"},"content":{"rendered":"\n<p><strong>Datenschutz<\/strong> <br>Wir haben diese Datenschutzerkl\u00e4rung (Fassung 05.05.2019-221092720) verfasst, um Ihnen gem\u00e4\u00df der Vorgaben der Datenschutz-Grundverordnung (EU) 2016\/679 und dem Datenschutzgesetz (DSG) zu erkl\u00e4ren, welche Informationen wir sammeln, wie wir Daten verwenden und welche Entscheidungsm\u00f6glichkeiten Sie als Besucher dieser Webseite haben. Leider liegt es in der Natur der Sache, dass diese Erkl\u00e4rungen sehr technisch klingen, wir haben uns bei der Erstellung jedoch bem\u00fcht die wichtigsten Dinge so einfach und klar wie m\u00f6glich zu beschreiben.<\/p>\n\n\n\n<p><strong>Automatische Datenspeicherung <\/strong><br>Wenn Sie heutzutage Webseiten besuchen, werden gewisse Informationen automatisch erstellt und gespeichert, so auch auf dieser Webseite. Wenn Sie unsere Webseite so wie jetzt gerade besuchen, speichert unser Webserver (Computer auf dem diese Webseite gespeichert ist) automatisch Daten wie<\/p>\n\n\n\n<ul class=\"wp-block-list\">\n<li>die Adresse (URL) der aufgerufenen Webseite<\/li>\n\n\n\n<li>Browser und Browserversion<\/li>\n\n\n\n<li>das verwendete Betriebssystem<\/li>\n\n\n\n<li>die Adresse (URL) der zuvor besuchten Seite (Referrer URL)<\/li>\n\n\n\n<li>den Hostname und die IP-Adresse des Ger\u00e4ts von welchem aus zugegriffen wird<\/li>\n\n\n\n<li>Datum und Uhrzeit<\/li>\n\n\n\n<li>in Dateien (Webserver-Logfiles).<\/li>\n<\/ul>\n\n\n\n<p>In der Regel werden Webserver-Logfiles zwei Wochen gespeichert und danach automatisch gel\u00f6scht. Wir geben diese Daten nicht weiter, k\u00f6nnen jedoch nicht ausschlie\u00dfen, dass diese Daten beim Vorliegen von rechtswidrigem Verhalten eingesehen werden.\nDie Rechtsgrundlage besteht nach Artikel 6 Absatz 1 f DSGVO (Rechtm\u00e4\u00dfigkeit der Verarbeitung) darin, dass berechtigtes Interesse daran besteht, den fehlerfreien Betrieb dieser Webseite durch das Erfassen von Webserver-Logfiles zu erm\u00f6glichen.\n<em> Rechte laut Datenschutzgrundverordnung<\/em>\nIhnen stehen laut den Bestimmungen der DSGVO und des \u00f6sterreichischen Datenschutzgesetzes (DSG) grunds\u00e4tzlich die folgende Rechte zu:<\/p>\n\n\n\n<ul class=\"wp-block-list\">\n<li>Recht auf Berichtung (Artikel 16 DSGVO)<\/li>\n\n\n\n<li>Recht auf L\u00f6schung (\u201eRecht auf Vergessenwerden\u201c) (Artikel 17 DSGVO)<\/li>\n\n\n\n<li>Recht auf Einschr\u00e4nkung der Verarbeitung (Artikel 18 DSGVO)<\/li>\n\n\n\n<li>Recht auf Benachrichtigung \u2013 Mitteilungspflicht im Zusammenhang mit der Berichtigung oder L\u00f6schung personenbezogener Daten oder der Einschr\u00e4nkung der Verarbeitung (Artikel 19 DSGVO)<\/li>\n\n\n\n<li>Recht auf Daten\u00fcbertragbarkeit (Artikel 20 DSGVO)<\/li>\n\n\n\n<li>Widerspruchsrecht (Artikel 21 DSGVO)<\/li>\n\n\n\n<li>Recht, nicht einer ausschlie\u00dflich auf einer automatisierten Verarbeitung \u2014 einschlie\u00dflich Profiling \u2014 beruhenden Entscheidung unterworfen zu werden (Artikel 22 DSGVO)<\/li>\n<\/ul>\n\n\n\n<p>Wenn Sie glauben, dass die Verarbeitung Ihrer Daten gegen das Datenschutzrecht verst\u00f6\u00dft oder Ihre datenschutzrechtlichen Anspr\u00fcche sonst in einer Weise verletzt worden sind, k\u00f6nnen Sie sich bei der Aufsichtsbeh\u00f6rde beschweren, welche in \u00d6sterreich die Datenschutzbeh\u00f6rde ist, deren Webseite Sie unter https:\/\/www.dsb.gv.at\/ finden.<\/p>\n\n\n\n<p><strong>Eingebettete Social Media Elemente<\/strong><em> <\/em> <br>Wir binden auf unserer Webseite Elemente von Social Media Diensten ein um Bilder, Videos und Texte anzuzeigen. Durch den Besuch von Seiten die diese Elemente darstellen, werden Daten von Ihrem Browser zum jeweiligen Social Media Dienst \u00fcbertragen und dort gespeichert. Wir haben keinen Zugriff auf diese Daten. Die folgenden Links f\u00fchren Sie zu den Seiten der jeweiligen Social Media Dienste wo erkl\u00e4rt wird, wie diese mit Ihren Daten umgehen: Instagram-Datenschutzrichtlinie: https:\/\/help.instagram.com\/519522125107875 F\u00fcr YouTube gilt die Google Datenschutzerkl\u00e4rung: https:\/\/policies.google.com\/privacy?hl=de Facebook-Datenrichtline: https:\/\/www.facebook.com\/about\/privacy Twitter Datenschutzrichtlinie: https:\/\/twitter.com\/de\/privacy<\/p>\n\n\n\n<p><em>Facebook Datenschutzerkl\u00e4rung<\/em> <br>Wir verwenden auf dieser Webseite Funktionen von Facebook, einem Social Media Network der FIrma Facebook Ireland Ltd., 4 Grand Canal Square, Grand Canal Harbour, Dublin 2 Ireland. Welche Funktionen (Soziale Plug-ins) Facebook bereitstellt, k\u00f6nnen Sie auf https:\/\/developers.facebook.com\/docs\/plugins\/ nachlesen. Durch den Besuch unserer Webseite k\u00f6nnen Informationen an Facebook \u00fcbermittelt werden. Wenn Sie \u00fcber ein Facebook-Konto verf\u00fcgen, kann Facebook diese Daten Ihrem pers\u00f6nlichen Konto zuordnen. Sollten Sie das nicht w\u00fcnschen, melden Sie sich bitte von Facebook ab. Die Datenschutzrichtlinien, welche Informationen Facebook sammelt und wie sie diese verwenden finden Sie auf https:\/\/www.facebook.com\/policy.php.<\/p>\n\n\n\n<p><em>Instagram Datenschutzerkl\u00e4rung<\/em> <br>Wir verwenden auf unserer Webseite Funktionen des Social Media Netzwerks Instagram der Firma Instagram LLC, 1601 Willow Rd, Menlo Park CA 94025, USA. Mit den Funktionen zum Einbetten von Instagram-Inhalten (Embed-Funktion) k\u00f6nnen wir Bilder und Videos anzeigen. Durch den Aufruf von Seiten die solche Funktionen nutzen werden Daten (IP-Adresse, Browserdaten, Datum, Uhrzeit, Cookies) an Instagram \u00fcbermittelt, gespeichert und ausgewertet. Sollten Sie ein Instagram-Konto haben und angemeldet sein, werden diese Daten Ihrem pers\u00f6nlichen Konto und den darin gespeicherten Daten zugeordnet. Die Datenschutzrichtlinien, welche Informationen Instagram sammelt und wie sie diese verwenden finden Sie auf https:\/\/help.instagram.com\/519522125107875.<\/p>\n\n\n\n<p><em>Google+ Datenschutzerkl\u00e4rung<\/em> <br>Wir nutzen auf unserer Webseite Funktionen von Google+, dem Social Network der Firma Google Inc. (1600 Amphitheatre Parkway Mountain View, CA 94043, USA). Wenn Sie die angebotenen Funktionen voll nutzen m\u00f6chten, ben\u00f6tigen Sie ein Google Konto. Auch bei der Nutzung der Funktionen (Google +1 Buttons, Google+ Badge, Follow button, Google+ Share button und Link, Sign-In Button, Hangout Button) ohne Google Konto werden bereits Informationen an Google \u00fcbermittelt. Wenn Sie mit Ihrem Google Konto w\u00e4hrend der Nutzung der oben angef\u00fchrten Funktionen angemeldet sind, werden Ihre Daten je nach Einstellung auf https:\/\/plus.google.com\/settings\/ weltweit ver\u00f6ffentlicht und von Google gesammelt und ausgewertet. Welche Daten von Google erfasst werden und wof\u00fcr diese Daten verwendet werden, k\u00f6nnen Sie auf https:\/\/www.google.com\/intl\/de\/policies\/privacy\/ nachlesen.<\/p>\n\n\n\n<p><em>Pinterest Datenschutzerkl\u00e4rung<\/em> <br>Wir verwenden auf unserer Seite Buttons und Widgets des Social Media Netzwerks Pinterest, der Firma Pinterest Inc.,808 Brannan Street, San Francisco, CA 94103, USA. Durch den Aufruf von Seiten die solche Funktionen nutzen werden Daten (IP-Adresse, Browserdaten, Datum und Zeitpunkt, Cookies) an Pinterest \u00fcbermittelt, gespeichert und ausgewertet. Die Datenschutzrichtlinien, welche Informationen Pinterest sammelt und wie sie diese verwenden finden Sie auf https:\/\/policy.pinterest.com\/de\/privacy-policy. Quelle: Erstellt mit dem Datenschutz Generator von firmenwebseiten.at in Kooperation mit webdeals.at<br>Quelle: Erstellt mit dem\u00a0<a href=\"https:\/\/www.adsimple.de\/datenschutz-generator\/\">Datenschutz Generator<\/a>\u00a0von AdSimple.<br><\/p>\n","protected":false},"excerpt":{"rendered":"<p>Datenschutz Wir haben diese Datenschutzerkl\u00e4rung (Fassung 05.05.2019-221092720) verfasst, um Ihnen gem\u00e4\u00df der Vorgaben der Datenschutz-Grundverordnung (EU) 2016\/679 und dem Datenschutzgesetz (DSG) zu erkl\u00e4ren, welche Informationen wir sammeln, wie wir Daten verwenden und welche Entscheidungsm\u00f6glichkeiten Sie als Besucher dieser Webseite haben. Leider liegt es in der Natur der Sache, dass diese Erkl\u00e4rungen sehr technisch klingen, wir [&hellip;]<\/p>\n","protected":false},"author":1,"featured_media":0,"parent":0,"menu_order":0,"comment_status":"closed","ping_status":"closed","template":"","meta":{"footnotes":""},"class_list":["post-224","page","type-page","status-publish","hentry"],"_links":{"self":[{"href":"http:\/\/www.auer-abdel-kader.com\/index.php?rest_route=\/wp\/v2\/pages\/224","targetHints":{"allow":["GET"]}}],"collection":[{"href":"http:\/\/www.auer-abdel-kader.com\/index.php?rest_route=\/wp\/v2\/pages"}],"about":[{"href":"http:\/\/www.auer-abdel-kader.com\/index.php?rest_route=\/wp\/v2\/types\/page"}],"author":[{"embeddable":true,"href":"http:\/\/www.auer-abdel-kader.com\/index.php?rest_route=\/wp\/v2\/users\/1"}],"replies":[{"embeddable":true,"href":"http:\/\/www.auer-abdel-kader.com\/index.php?rest_route=%2Fwp%2Fv2%2Fcomments&post=224"}],"version-history":[{"count":8,"href":"http:\/\/www.auer-abdel-kader.com\/index.php?rest_route=\/wp\/v2\/pages\/224\/revisions"}],"predecessor-version":[{"id":558,"href":"http:\/\/www.auer-abdel-kader.com\/index.php?rest_route=\/wp\/v2\/pages\/224\/revisions\/558"}],"wp:attachment":[{"href":"http:\/\/www.auer-abdel-kader.com\/index.php?rest_route=%2Fwp%2Fv2%2Fmedia&parent=224"}],"curies":[{"name":"wp","href":"https:\/\/api.w.org\/{rel}","templated":true}]}}

<p><strong>Datenschutz</strong> <br>Wir haben diese Datenschutzerklärung (Fassung 05.05.2019-221092720) verfasst, um Ihnen gemäß der Vorgaben der Datenschutz-Grundverordnung (EU) 2016/679 und dem Datenschutzgesetz (DSG) zu erklären, welche Informationen wir sammeln, wie wir Daten verwenden und welche Entscheidungsmöglichkeiten Sie als Besucher dieser Webseite haben. Leider liegt es in der Natur der Sache, dass diese Erklärungen sehr technisch klingen, wir haben uns bei der Erstellung jedoch bemüht die wichtigsten Dinge so einfach und klar wie möglich zu beschreiben.</p>



<p><strong>Automatische Datenspeicherung </strong><br>Wenn Sie heutzutage Webseiten besuchen, werden gewisse Informationen automatisch erstellt und gespeichert, so auch auf dieser Webseite. Wenn Sie unsere Webseite so wie jetzt gerade besuchen, speichert unser Webserver (Computer auf dem diese Webseite gespeichert ist) automatisch Daten wie</p>



<ul class="wp-block-list">
<li>die Adresse (URL) der aufgerufenen Webseite</li>



<li>Browser und Browserversion</li>



<li>das verwendete Betriebssystem</li>



<li>die Adresse (URL) der zuvor besuchten Seite (Referrer URL)</li>



<li>den Hostname und die IP-Adresse des Geräts von welchem aus zugegriffen wird</li>



<li>Datum und Uhrzeit</li>



<li>in Dateien (Webserver-Logfiles).</li>
</ul>



<p>In der Regel werden Webserver-Logfiles zwei Wochen gespeichert und danach automatisch gelöscht. Wir geben diese Daten nicht weiter, können jedoch nicht ausschließen, dass diese Daten beim Vorliegen von rechtswidrigem Verhalten eingesehen werden.
Die Rechtsgrundlage besteht nach Artikel 6 Absatz 1 f DSGVO (Rechtmäßigkeit der Verarbeitung) darin, dass berechtigtes Interesse daran besteht, den fehlerfreien Betrieb dieser Webseite durch das Erfassen von Webserver-Logfiles zu ermöglichen.
<em> Rechte laut Datenschutzgrundverordnung</em>
Ihnen stehen laut den Bestimmungen der DSGVO und des österreichischen Datenschutzgesetzes (DSG) grundsätzlich die folgende Rechte zu:</p>



<ul class="wp-block-list">
<li>Recht auf Berichtung (Artikel 16 DSGVO)</li>



<li>Recht auf Löschung („Recht auf Vergessenwerden“) (Artikel 17 DSGVO)</li>



<li>Recht auf Einschränkung der Verarbeitung (Artikel 18 DSGVO)</li>



<li>Recht auf Benachrichtigung – Mitteilungspflicht im Zusammenhang mit der Berichtigung oder Löschung personenbezogener Daten oder der Einschränkung der Verarbeitung (Artikel 19 DSGVO)</li>



<li>Recht auf Datenübertragbarkeit (Artikel 20 DSGVO)</li>



<li>Widerspruchsrecht (Artikel 21 DSGVO)</li>



<li>Recht, nicht einer ausschließlich auf einer automatisierten Verarbeitung — einschließlich Profiling — beruhenden Entscheidung unterworfen zu werden (Artikel 22 DSGVO)</li>
</ul>



<p>Wenn Sie glauben, dass die Verarbeitung Ihrer Daten gegen das Datenschutzrecht verstößt oder Ihre datenschutzrechtlichen Ansprüche sonst in einer Weise verletzt worden sind, können Sie sich bei der Aufsichtsbehörde beschweren, welche in Österreich die Datenschutzbehörde ist, deren Webseite Sie unter https://www.dsb.gv.at/ finden.</p>



<p><strong>Eingebettete Social Media Elemente</strong><em> </em> <br>Wir binden auf unserer Webseite Elemente von Social Media Diensten ein um Bilder, Videos und Texte anzuzeigen. Durch den Besuch von Seiten die diese Elemente darstellen, werden Daten von Ihrem Browser zum jeweiligen Social Media Dienst übertragen und dort gespeichert. Wir haben keinen Zugriff auf diese Daten. Die folgenden Links führen Sie zu den Seiten der jeweiligen Social Media Dienste wo erklärt wird, wie diese mit Ihren Daten umgehen: Instagram-Datenschutzrichtlinie: https://help.instagram.com/519522125107875 Für YouTube gilt die Google Datenschutzerklärung: https://policies.google.com/privacy?hl=de Facebook-Datenrichtline: https://www.facebook.com/about/privacy Twitter Datenschutzrichtlinie: https://twitter.com/de/privacy</p>



<p><em>Facebook Datenschutzerklärung</em> <br>Wir verwenden auf dieser Webseite Funktionen von Facebook, einem Social Media Network der FIrma Facebook Ireland Ltd., 4 Grand Canal Square, Grand Canal Harbour, Dublin 2 Ireland. Welche Funktionen (Soziale Plug-ins) Facebook bereitstellt, können Sie auf https://developers.facebook.com/docs/plugins/ nachlesen. Durch den Besuch unserer Webseite können Informationen an Facebook übermittelt werden. Wenn Sie über ein Facebook-Konto verfügen, kann Facebook diese Daten Ihrem persönlichen Konto zuordnen. Sollten Sie das nicht wünschen, melden Sie sich bitte von Facebook ab. Die Datenschutzrichtlinien, welche Informationen Facebook sammelt und wie sie diese verwenden finden Sie auf https://www.facebook.com/policy.php.</p>



<p><em>Instagram Datenschutzerklärung</em> <br>Wir verwenden auf unserer Webseite Funktionen des Social Media Netzwerks Instagram der Firma Instagram LLC, 1601 Willow Rd, Menlo Park CA 94025, USA. Mit den Funktionen zum Einbetten von Instagram-Inhalten (Embed-Funktion) können wir Bilder und Videos anzeigen. Durch den Aufruf von Seiten die solche Funktionen nutzen werden Daten (IP-Adresse, Browserdaten, Datum, Uhrzeit, Cookies) an Instagram übermittelt, gespeichert und ausgewertet. Sollten Sie ein Instagram-Konto haben und angemeldet sein, werden diese Daten Ihrem persönlichen Konto und den darin gespeicherten Daten zugeordnet. Die Datenschutzrichtlinien, welche Informationen Instagram sammelt und wie sie diese verwenden finden Sie auf https://help.instagram.com/519522125107875.</p>



<p><em>Google+ Datenschutzerklärung</em> <br>Wir nutzen auf unserer Webseite Funktionen von Google+, dem Social Network der Firma Google Inc. (1600 Amphitheatre Parkway Mountain View, CA 94043, USA). Wenn Sie die angebotenen Funktionen voll nutzen möchten, benötigen Sie ein Google Konto. Auch bei der Nutzung der Funktionen (Google +1 Buttons, Google+ Badge, Follow button, Google+ Share button und Link, Sign-In Button, Hangout Button) ohne Google Konto werden bereits Informationen an Google übermittelt. Wenn Sie mit Ihrem Google Konto während der Nutzung der oben angeführten Funktionen angemeldet sind, werden Ihre Daten je nach Einstellung auf https://plus.google.com/settings/ weltweit veröffentlicht und von Google gesammelt und ausgewertet. Welche Daten von Google erfasst werden und wofür diese Daten verwendet werden, können Sie auf https://www.google.com/intl/de/policies/privacy/ nachlesen.</p>



<p><em>Pinterest Datenschutzerklärung</em> <br>Wir verwenden auf unserer Seite Buttons und Widgets des Social Media Netzwerks Pinterest, der Firma Pinterest Inc.,808 Brannan Street, San Francisco, CA 94103, USA. Durch den Aufruf von Seiten die solche Funktionen nutzen werden Daten (IP-Adresse, Browserdaten, Datum und Zeitpunkt, Cookies) an Pinterest übermittelt, gespeichert und ausgewertet. Die Datenschutzrichtlinien, welche Informationen Pinterest sammelt und wie sie diese verwenden finden Sie auf https://policy.pinterest.com/de/privacy-policy. Quelle: Erstellt mit dem Datenschutz Generator von firmenwebseiten.at in Kooperation mit webdeals.at<br>Quelle: Erstellt mit dem <a href="https://www.adsimple.de/datenschutz-generator/">Datenschutz Generator</a> von AdSimple.<br></p>

<p>Datenschutz Wir haben diese Datenschutzerklärung (Fassung 05.05.2019-221092720) verfasst, um Ihnen gemäß der Vorgaben der Datenschutz-Grundverordnung (EU) 2016/679 und dem Datenschutzgesetz (DSG) zu erklären, welche Informationen wir sammeln, wie wir Daten verwenden und welche Entscheidungsmöglichkeiten Sie als Besucher dieser Webseite haben. Leider liegt es in der Natur der Sache, dass diese Erklärungen sehr technisch klingen, wir [&hellip;]</p>
