{"id":563,"date":"2025-05-06T15:59:12","date_gmt":"2025-05-06T13:59:12","guid":{"rendered":"https:\/\/www.auer-abdel-kader.com\/?page_id=563"},"modified":"2025-05-06T16:01:41","modified_gmt":"2025-05-06T14:01:41","slug":"bucher","status":"publish","type":"page","link":"https:\/\/www.auer-abdel-kader.com\/?page_id=563","title":{"rendered":"B\u00fccher"},"content":{"rendered":"\n<p>Neuerscheinungen: <\/p>\n\n\n\n<p>Kreativb\u00fccher kleine Malk\u00fcnstler<\/p>\n\n\n\n<p>Ab sofort erh\u00e4ltlich: Meine liebevoll gestalteten Kindermalb\u00fccher \u2013 ideal f\u00fcr kleine K\u00fcnstlerinnen und K\u00fcnstler, die spielerisch ihre Kreativit\u00e4t entfalten m\u00f6chten. Die abwechslungsreichen Motive f\u00f6rdern Feinmotorik, Konzentration und Fantasie und sind f\u00fcr verschiedene Altersgruppen geeignet. <br>Derzeit ist ein Buch mit Ostermotiven erschienen (Link: im unteren Bereich), ein weiteres ist in Arbeit und wird im Herbst herauskommen.<\/p>\n\n\n\n<p>F\u00fcr K\u00fcnstler biete ich au\u00dferdem ein besonderes Highlight: <\/p>\n\n\n\n<p>Ein hochwertiges G\u00e4stebuch f\u00fcr K\u00fcnstler, das Raum bietet f\u00fcr Flyer, Nachrichten oder inspirierende Gedanken von G\u00e4sten bei Vernissagen, Ausstellungen und Studio-Besuchen. <br>Ideal f\u00fcr Kunstateliers, Workshops oder kreative Events.<br>Links folgt sofort nach Ver\u00f6ffentlichung.<\/p>\n\n\n\n<p>Alle Titel werden als Printausgaben erh\u00e4ltlich sein \u2013 robust, alltagstauglich und hochwertig verarbeitet.<\/p>\n\n\n\n<p>Links zu B\u00fcchern:<\/p>\n\n\n\n<figure class=\"wp-block-embed is-type-rich is-provider-amazon wp-block-embed-amazon\"><div class=\"wp-block-embed__wrapper\">\n<iframe loading=\"lazy\" title=\"Osterparade\" type=\"text\/html\" width=\"697\" height=\"550\" frameborder=\"0\" allowfullscreen style=\"max-width:100%\" src=\"https:\/\/lesen.amazon.de\/kp\/card?preview=inline&#038;linkCode=kpd&#038;ref_=k4w_oembed_zKeZ1x2Vwwffq8&#038;asin=B0F44G4H5P&#038;tag=kpembed-20\"><\/iframe>\n<\/div><\/figure>\n","protected":false},"excerpt":{"rendered":"<p>Neuerscheinungen: Kreativb\u00fccher kleine Malk\u00fcnstler Ab sofort erh\u00e4ltlich: Meine liebevoll gestalteten Kindermalb\u00fccher \u2013 ideal f\u00fcr kleine K\u00fcnstlerinnen und K\u00fcnstler, die spielerisch ihre Kreativit\u00e4t entfalten m\u00f6chten. Die abwechslungsreichen Motive f\u00f6rdern Feinmotorik, Konzentration und Fantasie und sind f\u00fcr verschiedene Altersgruppen geeignet. Derzeit ist ein Buch mit Ostermotiven erschienen (Link: im unteren Bereich), ein weiteres ist in Arbeit und [&hellip;]<\/p>\n","protected":false},"author":1,"featured_media":0,"parent":0,"menu_order":0,"comment_status":"closed","ping_status":"closed","template":"","meta":{"footnotes":""},"class_list":["post-563","page","type-page","status-publish","hentry"],"_links":{"self":[{"href":"https:\/\/www.auer-abdel-kader.com\/index.php?rest_route=\/wp\/v2\/pages\/563","targetHints":{"allow":["GET"]}}],"collection":[{"href":"https:\/\/www.auer-abdel-kader.com\/index.php?rest_route=\/wp\/v2\/pages"}],"about":[{"href":"https:\/\/www.auer-abdel-kader.com\/index.php?rest_route=\/wp\/v2\/types\/page"}],"author":[{"embeddable":true,"href":"https:\/\/www.auer-abdel-kader.com\/index.php?rest_route=\/wp\/v2\/users\/1"}],"replies":[{"embeddable":true,"href":"https:\/\/www.auer-abdel-kader.com\/index.php?rest_route=%2Fwp%2Fv2%2Fcomments&post=563"}],"version-history":[{"count":3,"href":"https:\/\/www.auer-abdel-kader.com\/index.php?rest_route=\/wp\/v2\/pages\/563\/revisions"}],"predecessor-version":[{"id":566,"href":"https:\/\/www.auer-abdel-kader.com\/index.php?rest_route=\/wp\/v2\/pages\/563\/revisions\/566"}],"wp:attachment":[{"href":"https:\/\/www.auer-abdel-kader.com\/index.php?rest_route=%2Fwp%2Fv2%2Fmedia&parent=563"}],"curies":[{"name":"wp","href":"https:\/\/api.w.org\/{rel}","templated":true}]}}

Bücher

<p>Neuerscheinungen: </p>



<p>Kreativbücher kleine Malkünstler</p>



<p>Ab sofort erhältlich: Meine liebevoll gestalteten Kindermalbücher – ideal für kleine Künstlerinnen und Künstler, die spielerisch ihre Kreativität entfalten möchten. Die abwechslungsreichen Motive fördern Feinmotorik, Konzentration und Fantasie und sind für verschiedene Altersgruppen geeignet. <br>Derzeit ist ein Buch mit Ostermotiven erschienen (Link: im unteren Bereich), ein weiteres ist in Arbeit und wird im Herbst herauskommen.</p>



<p>Für Künstler biete ich außerdem ein besonderes Highlight: </p>



<p>Ein hochwertiges Gästebuch für Künstler, das Raum bietet für Flyer, Nachrichten oder inspirierende Gedanken von Gästen bei Vernissagen, Ausstellungen und Studio-Besuchen. <br>Ideal für Kunstateliers, Workshops oder kreative Events.<br>Links folgt sofort nach Veröffentlichung.</p>



<p>Alle Titel werden als Printausgaben erhältlich sein – robust, alltagstauglich und hochwertig verarbeitet.</p>



<p>Links zu Büchern:</p>



<figure class="wp-block-embed is-type-rich is-provider-amazon wp-block-embed-amazon"><div class="wp-block-embed__wrapper">
<iframe loading="lazy" title="Osterparade" type="text/html" width="697" height="550" frameborder="0" allowfullscreen style="max-width:100%" src="https://lesen.amazon.de/kp/card?preview=inline&#038;linkCode=kpd&#038;ref_=k4w_oembed_zKeZ1x2Vwwffq8&#038;asin=B0F44G4H5P&#038;tag=kpembed-20"></iframe>
</div></figure>

<p>Neuerscheinungen: Kreativbücher kleine Malkünstler Ab sofort erhältlich: Meine liebevoll gestalteten Kindermalbücher – ideal für kleine Künstlerinnen und Künstler, die spielerisch ihre Kreativität entfalten möchten. Die abwechslungsreichen Motive fördern Feinmotorik, Konzentration und Fantasie und sind für verschiedene Altersgruppen geeignet. Derzeit ist ein Buch mit Ostermotiven erschienen (Link: im unteren Bereich), ein weiteres ist in Arbeit und [&hellip;]</p>
